53 is divided by 46.
15
Calculate the remainder when 390 is divided by 36.
30
What is the remainder when 1839 is divided by 18?
3
Calculate the remainder when 1850 is divided by 468.
446
What is the remainder when 48 is divided by 38?
10
Calculate the remainder when 495 is divided by 163.
6
What is the remainder when 1490 is divided by 22?
16
Calculate the remainder when 205 is divided by 26.
23
Calculate the remainder when 212 is divided by 30.
2
What is the remainder when 1341 is divided by 34?
15
Calculate the remainder when 104 is divided by 11.
5
Calculate the remainder when 1777 is divided by 199.
185
What is the remainder when 9558 is divided by 48?
6
Calculate the remainder when 2286 is divided by 62.
54
Calculate the remainder when 41 is divided by 9.
5
What is the remainder when 444 is divided by 32?
28
What is the remainder when 12283 is divided by 65?
63
Calculate the remainder when 103 is divided by 103.
0
What is the remainder when 1921 is divided by 77?
73
Calculate the remainder when 2182 is divided by 33.
4
What is the remainder when 936 is divided by 304?
24
Calculate the remainder when 157 is divided by 16.
13
What is the remainder when 400 is divided by 6?
4
Calculate the remainder when 185 is divided by 23.
1
What is the remainder when 478 is divided by 3?
1
Calculate the remainder when 945 is divided by 304.
33
What is the remainder when 1390 is divided by 681?
28
What is the remainder when 3665 is divided by 16?
1
What is the remainder when 1135 is divided by 135?
55
Calculate the remainder when 715 is divided by 80.
75
Calculate the remainder when 566 is divided by 22.
16
What is the remainder when 177 is divided by 26?
21
Calculate the remainder when 986 is divided by 144.
122
What is the remainder when 93 is divided by 9?
3
What is the remainder when 7 is divided by 4?
3
Calculate the remainder when 10 is divided by 8.
2
Calculate the remainder when 339 is divided by 57.
54
Calculate the remainder when 107 is divided by 19.
12
Calculate the remainder when 2262 is divided by 749.
15
Calculate the remainder when 19 is divided by 5.
4
What is the remainder when 66 is divided by 18?
12
What is the remainder when 40 is divided by 7?
5
Calculate the remainder when 717 is divided by 48.
45
Calculate the remainder when 363 is divided by 26.
25
What is the remainder when 177 is divided by 14?
9
Calculate the remainder when 328 is divided by 16.
8
Calculate the remainder when 78 is divided by 43.
35
What is the remainder when 418 is divided by 14?
12
What is the remainder when 430 is divided by 32?
14
What is the remainder when 91 is divided by 21?
7
What is the remainder when 797 is divided by 25?
22
Calculate the remainder when 1510 is divided by 37.
30
Calculate the remainder when 719 is divided by 30.
29
Calculate the remainder when 7979 is divided by 13.
10
What is the remainder when 44277 is divided by 360?
357
Calculate the remainder when 110 is divided by 28.
26
What is the remainder when 121 is divided by 38?
7
What is the remainder when 661 is divided by 64?
21
Calculate the remainder when 455 is divided by 3.
2
What is the remainder when 49 is divided by 21?
7
What is the remainder when 13428 is divided by 17?
15
What is the remainder when 3 is divided by 1?
0
Calculate the remainder when 287 is divided by 55.
12
Calculate the remainder when 326 is divided by 4.
2
What is the remainder when 60 is divided by 8?
4
What is the remainder when 218 is divided by 40?
18
What is the remainder when 1537 is divided by 28?
25
What is the remainder when 44 is divided by 13?
5
Calculate the remainder when 1206 is divided by 397.
15
What is the remainder when 941 is divided by 41?
39
Calculate the remainder when 497 is divided by 220.
57
What is the remainder when 179 is divided by 52?
23
Calculate the remainder when 16806 is divided by 8.
6
What is the remainder when 25935 is divided by 131?
128
Calculate the remainder when 707 is divided by 522.
185
Calculate the remainder when 1453 is divided by 17.
8
What is the remainder when 742 is divided by 8?
6
What is the remainder when 123 is divided by 37?
12
Calculate the remainder when 76 is divided by 30.
16
What is the remainder when 4883 is divided by 22?
21
Calculate the remainder when 6848 is divided by 298.
292
Calculate the remainder when 74 is divided by 2.
0
Calculate the remainder when 430 is divided by 108.
106
What is the remainder when 251 is divided by 86?
79
What is the remainder when 375 is divided by 63?
60
Calculate the remainder when 8547 is divided by 38.
35
What is the remainder when 163 is divided by 55?
53
What is the remainder when 1534 is divided by 12?
10
Calculate the remainder when 214 is divided by 75.
64
What is the remainder when 273 is divided by 23?
20
What is the remainder when 2488 is divided by 19?
18
What is the remainder when 479 is divided by 80?
79
What is the remainder when 8642 is divided by 129?
128
Calculate the remainder when 4352 is divided by 121.
117
What is the remainder when 717 is divided by 80?
77
Calculate the remainder when 10760 is divided by 47.
44
What is the remainder when 945 is divided by 64?
49
Calculate the remainder when 60 is divided by 23.
14
What is the remainder when 48 is divided by 7?
6
Calculate the remainder when 159 is divided by 45.
24
Calculate the remainder when 738 is divided by 169.
62
What is the remainder when 2483 is divided by 2479?
4
Calculate the remainder when 335 is divided by 92.
59
Calculate the remainder when 789 is divided by 99.
96
What is the remainder when 204 is divided by 8?
4
Calculate the remainder when 1286 is divided by 248.
46
Calculate the remainder when 2921 is divided by 79.
77
What is the remainder when 3174 is divided by 245?
234
Calculate the remainder when 77 is divided by 23.
8
Calculate the remainder when 262 is divided by 3.
1
Calculate the remainder when 312 is divided by 5.
2
Calculate the remainder when 2806 is divided by 6.
4
Calculate the remainder when 418 is divided by 111.
85
What is the remainder when 228 is divided by 27?
12
Calculate the remainder when 224 is divided by 24.
8
Calculate the remainder when 117 is divided by 30.
27
What is the remainder when 693 is divided by 35?
28
Calculate the remainder when 60 is divided by 5.
0
Calculate the remainder when 11250 is divided by 168.
162
Calculate the remainder when 63 is divided by 57.
6
Calculate the remainder when 441 is divided by 103.
29
Calculate the remainder when 154 is divided by 49.
7
What is the remainder when 200 is divided by 63?
11
What is the remainder when 40 is divided by 14?
12
Calculate the remainder when 125 is divided by 68.
57
Calculate the remainder when 21 is divided by 12.
9
What is the remainder when 8244 is divided by 31?
29
Calculate the remainder when 4056 is divided by 62.
26
Calculate the remainder when 538 is divided by 139.
121
Calculate the remainder when 994 is divided by 100.
94
Calculate the remainder when 33934 is divided by 24.
22
Calculate the remainder when 680 is divided by 53.
44
Calculate the remainder when 464 is divided by 47.
41
Calculate the remainder when 273 is divided by 31.
25
What is the remainder when 439 is divided by 13?
10
What is the remainder when 51 is divided by 29?
22
Calculate the remainder when 142 is divided by 99.
43
Calculate the remainder when 51 is divided by 18.
15
Calculate the remainder when 184 is divided by 40.
24
What is the remainder when 107 is divided by 11?
8
What is the remainder when 1639 is divided by 814?
11
What is the remainder when 108 is divided by 64?
44
Calculate the remainder when 172 is divided by 36.
28
What is the remainder when 1399 is divided by 1398?
1
What is the remainder when 926 is divided by 902?
24
Calculate the remainder when 422 is divided by 26.
6
Calculate the remainder when 495 is divided by 54.
9
What is the remainder when 735 is divided by 179?
19
Calculate the remainder when 109 is divided by 8.
5
Calculate the remainder when 563 is divided by 7.
3
What is the remainder when 11566 is divided by 13?
9
Calculate the remainder when 2880 is divided by 59.
48
What is the remainder when 745 is divided by 17?
14
What is the remainder when 3592 is divided by 124?
120
What is the remainder when 1329 is divided by